y 8.
1
Suppose 3*c = 15 + 33. Let f be (-10)/(-14) - 2/(-7). Suppose -f = 3*o - c. What is the remainder when o is divided by 3?
2
Let j = 11 - 7. Suppose s - a = 2*a + 3, -5*s - j*a = -15. Calculate the remainder when s is divided by 3.
0
Suppose n + 1388 = 5*d, -2*n = -1 - 3. Calculate the remainder when d is divided by 10.
8
Let t = 18 - 13. Calculate the remainder when 17 is divided by t.
2
Suppose 15 = 3*d + 4*i, -4*d + 0*i = -i - 20. Suppose x + 10 - 23 = 0. Let z = x - d. What is the remainder when 23 is divided by z?
7
Let k = 6 - -2. What is the remainder when 34 is divided by k?
2
What is the remainder when 20 is divided by 13/(-26)*5*-2?
0
Let x(p) = -p**2 + 5*p - 4. Let j be x(3). Calculate the remainder when 39 is divided by 612/30 + j/(-5).
19
Suppose 0 = 2*z + l - 4 - 2, -2*z + 6 = -2*l. Suppose 0*i - 52 = -5*t + 3*i, -z*i - 30 = -3*t. Calculate the remainder when 32 is divided by t.
10
Suppose 2*m = -4*q + 48, -m + 3*m - 30 = 5*q. What is the remainder when 38 is divided by m?
18
Suppose 0 + 12 = 6*t. What is the remainder when t is divided by 1?
0
Let o = 40 + 5. Let m(j) = j**2 - 15*j - 11. What is the remainder when o is divided by m(17)?
22
Suppose -111 = 20*c - 21*c. What is the remainder when c is divided by 28?
27
Let q = 21 - 12. What is the remainder when 24 is divided by q?
6
Suppose n + 15 = -4*r, 3*n + 2*r = -2*n - 3. What is the remainder when 23 is divided by (n*8/1)/1?
7
Let j(u) = u**3 + 8*u**2 + 3*u. Let v be j(-8). Let n = 58 + v. Calculate the remainder when n is divided by 9.
7
Suppose 0 = -3*m + 2*m + 3. Suppose 0 = -m*b + 10 + 8. Calculate the remainder when 17 is divided by b.
5
Let u(j) = -j**3 + 8*j**2 + 9*j + 3. Let y be u(9). Suppose 0 = -5*q - 10, -t - y*q + 88 = t. What is the remainder when t is divided by 16?
15
Let p = -5 - -14. Let t be 3 - ((-6)/3 + 2). Suppose -d + 9 = -3*f, 3 = -t*d - 4*f + 4. Calculate the remainder when p is divided by d.
0
Suppose g - 20 = -4*g. Let r(x) = -x**2 + 3*x + 5. Let w be r(g). Suppose -4*y = w - 17. What is the remainder when 6 is divided by y?
2
Let w be (-6)/8 + (-38)/(-8). Suppose w = t - 5. Calculate the remainder when 24 is divided by t.
6
What is the remainder when (162/(-4))/(16/(-32)) is divided by 17?
13
Calculate the remainder when 61 is divided by (-3)/((-1)/21 - 20/70).
7
Suppose 2*m = -2, 3*b + 4 = -3*m + 1. Let l = 16 - b. Calculate the remainder when 45 is divided by l.
13
Let h(y) = 25*y - 1. Let r(m) = 0 + 13*m + 0*m + 8 + m**2 + 5. Calculate the remainder when h(1) is divided by r(-13).
11
Suppose -5*u - 19 = -4. Let i = 24 + u. What is the remainder when i is divided by 11?
10
Let z = 75 - 12. Calculate the remainder when (-8 - (2 - 1))*-3 is divided by (z/(-6))/((-3)/4).
13
Suppose 5*l + 8 = -t, 2*t + 0*t = -3*l + 5. Calculate the remainder when ((-130)/(-35) - 4) + (-142)/(-7) is divided by t.
6
Let h(x) = 7*x - 13. What is the remainder when h(10) is divided by 1 - (-7 - -4) - -11?
12
Let z = 315 + -182. What is the remainder when z is divided by 27?
25
Let t(n) be the first derivative of n**3/3 + 3*n**2/2 + 4*n + 4. Let r = -4 - -7. Calculate the remainder when t(-3) is divided by r.
1
Let d(y) = 63*y**2 - y + 1. Calculate the remainder when d(-1) is divided by 6.
5
Suppose w - 5 = 58. Let k = w - 31. Calculate the remainder when k is divided by 7.
4
Let m = -8 + 12. Suppose 3*q = m*n + 33, -9 = -2*q + n + 13. Suppose 4*j + 17 = 97. Calculate the remainder when j is divided by q.
9
Let o = -18 + 29. Suppose 5*i - 106 = 3*z, 0 = -4*i + z - 2*z + 78. Calculate the remainder when i is divided by o.
9
Suppose -3*g = -0*g - 12. What is the remainder when 72 is divided by g/22 + (-1638)/(-66)?
22
Calculate the remainder when (-244)/(-6) + (98/(-21) - -4) is divided by 22.
18
Let x(l) = l**3 - 9*l**2 + 11*l - 4. Calculate the remainder when (14 - (2 - 1))*1*3 is divided by x(8).
19
Let c(o) = o**2 - 9*o - 10. Let u be c(11). Let s = 26 - u. Calculate the remainder when 54 is divided by s.
12
Suppose -5*r + 0*h + 5*h = 0, -2 = r - 2*h. Let d = 2 - 3. Calculate the remainder when 40 is divided by (-14)/(2*d/r).
12
Calculate the remainder when 19 is divided by (-29)/(-3) - 1/(-3).
9
Suppose -88 = -0*h - 4*h. Let u(c) = -31*c + 2. Calculate the remainder when u(-2) is divided by h.
20
Let h(y) = -y + 1 + 18 - 6. What is the remainder when h(7) is divided by 4?
2
Let m = 7 + 2. Let g(y) = -8*y - 7 + y**2 + 0*y**2 - 2*y**2. Calculate the remainder when m is divided by g(-6).
4
Let o be (-1)/(-6) - 35/(-42). Calculate the remainder when (-6*o)/((-4)/68) is divided by 26.
24
Let m be (0 + (0 - -1))/(-1). Let a(j) = -7*j**3 - j**2 + 1. What is the remainder when (-2)/6 + 152/6 is divided by a(m)?
4
Let b be (-3)/(-2)*(-10)/(-3). Suppose 5*w = -b*p + 10, p = -p - 3*w - 1. Calculate the remainder when 12 is divided by p.
5
Let j be (12/(-8) + -1)*22. Let i = 117 + j. Calculate the remainder when i is divided by 13.
10
Let q = 5 - 2. Suppose 0*b - 69 = -q*b. What is the remainder when b is divided by 8?
7
Suppose 2*l = 4*l + 252. What is the remainder when (-2)/3 - (-86)/3 is divided by l/(-12) - (-2)/(-4)?
8
Let z = 108 + 0. Suppose -p + 6*p + 4*i - 144 = 0, -4*i - z = -4*p. What is the remainder when p is divided by 10?
8
Let g(q) = 14*q**3 - q**2 - q + 2. Calculate the remainder when (20/6)/(1/12) is divided by g(1).
12
Let x(q) = -2*q**2 - 20*q - 8. Calculate the remainder when 88 is divided by x(-8).
16
Let s(n) = -8 + 4*n**3 + 9*n - 3*n**3 - 2*n**3 + 5*n**2. Let m be (-2)/(-5) - (-140)/25. Calculate the remainder when 28 is divided by s(m).
8
Suppose k = -5*h + 53, 38 = 5*h + 2*k - 13. What is the remainder when 98 is divided by h?
10
Suppose 21 = -y + 62. What is the remainder when y is divided by (14 - (1 - 1)) + 0?
13
Let h(w) = w**2 + 6*w + 9. Let y be h(7). Let k = -57 + y. Calculate the remainder when k is divided by 11.
10
Suppose 3*c - d - 14 = 0, -4*d - 10 = -2*c - 4. Suppose -4*r + 12 = y, -5*y + 3*r + 56 - 19 = 0. What is the remainder when y is divided by c?
3
Suppose -3*c + 0*j = 2*j - 10, -4*c = -5*j - 21. Suppose -37 = -c*t - 1. What is the remainder when (-49)/(-3) + (-4)/(-6) is divided by t?
8
Let o(q) = q. Let i be o(2). Suppose 139 = 5*m - 4*x, -i*m + 54 = -0*m - 2*x. Let n(r) = -r + 11. Calculate the remainder when m is divided by n(0).
9
Let v = -3 - -3. Suppose v = -5*k - 5*h + 190, k - 4*h = 4*k - 116. Suppose 2*d = d + 19. What is the remainder when k is divided by d?
17
Let t(z) = -z**2 - z + 3. What is the remainder when 9 is divided by t(0)?
0
Let n = -100 - -140. Suppose -4 = -3*g + 11. Suppose -n - 15 = -g*u. What is the remainder when u is divided by 6?
5
Let y(r) = -3*r - 10. What is the remainder when 31 is divided by y(-9)?
14
Let s(p) = -2*p**2 + 3*p. Let n be s(3). Calculate the remainder when 6 is divided by 3/n - 13/(-3).
2
Suppose -3*j = -26 - 1. Suppose -s - 5*c + j = -8, -3*s = -2*c. What is the remainder when 8 is divided by 4/s - (2 + -3)?
2
Suppose -4*i + 20 = i. Let v = -267 - -285. Calculate the remainder when v is divided by ((-2)/i)/((-2)/40).
8
Let n(k) = -2*k**2 + k + 118. What is the remainder when n(0) is divided by 24?
22
Let g(x) = x**3 + 10*x**2 + 7. Let t = 14 - -5. Calculate the remainder when t is divided by g(-10).
5
Let p = 8 - 6. Let x(h) = 8*h - 1. What is the remainder when x(5) is divided by p/3 + (-58)/(-3)?
19
Let v(w) = -3*w + 29. Calculate the remainder when 136 is divided by v(-6).
42
Suppose 0 = -6*d + 2*d. Suppose d = -3*b - 84 - 15. Let y = b - -46. Calculate the remainder when y is divided by 5.
3
Suppose 15 = p + 2*p. Suppose 3*t - p*t - 6 = 0, 2*f + t = 55. Calculate the remainder when f is divided by 6.
5
Suppose 10*o = 6*o + 20. What is the remainder when 23 is divided by o?
3
Let w = 9 - 11. Let g be 2/(2 - w)*46. Calculate the remainder when 41 is divided by 1*(-1 + g) - 1.
20
Let w(y) = 3*y**2 + 5*y - 3. Let a(i) = 3*i - 32. Calculate the remainder when w(3) is divided by a(14).
9
Let p(r) = -r**2 + 2. What is the remainder when p(0) is divided by 2?
0
Suppose -3*v - 180 = -5*v - t, -4*t = -3*v + 248. Let r = -61 + v. What is the remainder when 78 is divided by r?
24
Calculate the remainder when 105 is divided by (-1 - 0)/(2/(-106)).
52
Let l = 27 - 12. Calculate the r